{"id":7,"date":"2021-02-28T09:47:20","date_gmt":"2021-02-28T09:47:20","guid":{"rendered":"https:\/\/mctd.dk\/?page_id=7"},"modified":"2026-03-15T08:29:37","modified_gmt":"2026-03-15T08:29:37","slug":"det-sker","status":"publish","type":"page","link":"https:\/\/mctd.dk\/index.php\/det-sker\/","title":{"rendered":"Det sker!"},"content":{"rendered":"\n<p><\/p>\n\n\n\n<p><\/p>\n\n\n\n<p class=\"has-text-align-center has-vivid-cyan-blue-color has-text-color has-medium-font-size\">AFLYST AFLYST <br><strong><strong>En dag fyldt med MCTD &#8211; l\u00e6r nyt og mere.<\/strong><\/strong><\/p>\n\n\n\n<p class=\"has-text-align-center has-vivid-green-cyan-color has-text-color has-medium-font-size\"><strong>l\u00f8rdag d. 21.marts 2026 kl.10.30-15.30<\/strong><\/p>\n\n\n\n<p><\/p>\n\n\n\n<p class=\"has-text-align-center has-vivid-green-cyan-color has-text-color has-medium-font-size\"><strong>MarselisborgCenteret<br>Evald Krogs Gade 1-17, bygning 9 1.sal<br>8000 \u00c5rhus<\/strong><\/p>\n\n\n\n<p><br><\/p>\n\n\n\n<figure class=\"wp-block-image is-resized\"><img decoding=\"async\" src=\"https:\/\/diagnosenetvaerk.nemtilmeld.dk\/images\/descriptions\/22148\/Anne_T.jpg\" alt=\"\" style=\"width:153px;height:auto\"\/><\/figure>\n\n\n\n<p>Kom&nbsp;og m\u00f8d andre med MCTD, h\u00f8r et sp\u00e6ndende opl\u00e6g og del viden og erfaringer.<\/p>\n\n\n\n<p>Anne Troldborg, speciall\u00e6ge i intern medicin og reumatologi p\u00e5 Aarhus Universitetshospital, vil holde opl\u00e6g om &#8220;MCTD &#8211; symptomer, udvikling, behandling&#8221;. Hun vil komme med sp\u00e6ndende ny viden, fort\u00e6lle om organiseringen i Danmark, forskningsprojekt og s\u00e6tte tanker i gang. Der vil v\u00e6re plads til sp\u00f8rgsm\u00e5l.&nbsp;<\/p>\n\n\n\n<p>Der vil&nbsp;v\u00e6re god tid til snak om livet med MCTD.<\/p>\n\n\n\n<p>Sidste tilmelding d. 13.marts<\/p>\n\n\n\n<p>Pris : 75 kr for medlemmer af GF \/ 125 kr for ikke medlemmer.<\/p>\n\n\n\n<p>Tilmelding p\u00e5 : <a href=\"https:\/\/diagnosenetvaerk.nemtilmeld.dk\/60\">https:\/\/diagnosenetvaerk.nemtilmeld.dk\/60<\/a><\/p>\n\n\n\n<p>Prisen indeholder let frokost og kaffe\/te<\/p>\n\n\n\n<p><\/p>\n\n\n\n<p>Sp\u00f8rgsm\u00e5l mm til Lene 23280449 \/ mctd@valmue.dk<\/p>\n\n\n\n<p style=\"font-size:1px\">Sp\u00f8rgsm\u00e5l mm til Lene 23280449 \/ mctd@valmue.dk<\/p>\n\n\n\n<p><\/p>\n\n\n\n<p class=\"has-text-align-left\"><strong>Arrangeret af <\/strong>:&nbsp; Diagnosenetv\u00e6rket MCTD, Gigtforeningen<\/p>\n\n\n\n<p><\/p>\n\n\n\n<figure class=\"wp-block-image size-full\"><img loading=\"lazy\" decoding=\"async\" width=\"141\" height=\"100\" src=\"https:\/\/mctd.dk\/wp-content\/uploads\/2026\/01\/image.png\" alt=\"\" class=\"wp-image-167\"\/><\/figure>\n\n\n\n<p><\/p>\n","protected":false},"excerpt":{"rendered":"<p>AFLYST AFLYST En dag fyldt med MCTD &#8211; l\u00e6r nyt og mere. l\u00f8rdag d. 21.marts 2026 kl.10.30-15.30 MarselisborgCenteretEvald Krogs Gade 1-17, bygning 9 1.sal8000 \u00c5rhus Kom&nbsp;og m\u00f8d andre med MCTD, h\u00f8r et sp\u00e6ndende opl\u00e6g og del viden og erfaringer. Anne Troldborg, speciall\u00e6ge i intern medicin og reumatologi p\u00e5 Aarhus Universitetshospital, vil holde opl\u00e6g om &#8220;MCTD &#8230; <a title=\"Det sker!\" class=\"read-more\" href=\"https:\/\/mctd.dk\/index.php\/det-sker\/\" aria-label=\"Read more about Det sker!\">L\u00e6s mere <\/a><\/p>\n","protected":false},"author":1,"featured_media":0,"parent":0,"menu_order":0,"comment_status":"closed","ping_status":"closed","template":"","meta":{"footnotes":""},"class_list":["post-7","page","type-page","status-publish"],"_links":{"self":[{"href":"https:\/\/mctd.dk\/index.php\/wp-json\/wp\/v2\/pages\/7","targetHints":{"allow":["GET"]}}],"collection":[{"href":"https:\/\/mctd.dk\/index.php\/wp-json\/wp\/v2\/pages"}],"about":[{"href":"https:\/\/mctd.dk\/index.php\/wp-json\/wp\/v2\/types\/page"}],"author":[{"embeddable":true,"href":"https:\/\/mctd.dk\/index.php\/wp-json\/wp\/v2\/users\/1"}],"replies":[{"embeddable":true,"href":"https:\/\/mctd.dk\/index.php\/wp-json\/wp\/v2\/comments?post=7"}],"version-history":[{"count":27,"href":"https:\/\/mctd.dk\/index.php\/wp-json\/wp\/v2\/pages\/7\/revisions"}],"predecessor-version":[{"id":175,"href":"https:\/\/mctd.dk\/index.php\/wp-json\/wp\/v2\/pages\/7\/revisions\/175"}],"wp:attachment":[{"href":"https:\/\/mctd.dk\/index.php\/wp-json\/wp\/v2\/media?parent=7"}],"curies":[{"name":"wp","href":"https:\/\/api.w.org\/{rel}","templated":true}]}}