{"id":125,"date":"2024-01-08T07:27:38","date_gmt":"2024-01-08T07:27:38","guid":{"rendered":"https:\/\/mctd.dk\/?page_id=125"},"modified":"2024-01-08T07:39:23","modified_gmt":"2024-01-08T07:39:23","slug":"national-behandlings-vejledning","status":"publish","type":"page","link":"https:\/\/mctd.dk\/index.php\/national-behandlings-vejledning\/","title":{"rendered":"National Behandlings Vejledning"},"content":{"rendered":"\n<p>Her er linket til den Nationale Behandlings Vejledning &#8211; NBV fra Reumatologisk selskab. Den er skrevet til l\u00e6ger og i l\u00e6gesprog, men vi kan bestemt l\u00e6re noget af. Desuden kan den give baggrund for sp\u00f8rgsm\u00e5l vi kan stille vores reumatolog.<\/p>\n\n\n\n<figure class=\"wp-block-embed is-type-wp-embed is-provider-danskreumatologi-dk wp-block-embed-danskreumatologi-dk\"><div class=\"wp-block-embed__wrapper\">\n<blockquote class=\"wp-embedded-content\" data-secret=\"YRxJjh9nNi\"><a href=\"https:\/\/danskreumatologi.dk\/nbv\/sygdomme\/mixed-connective-tissue-disease-mctd\/\">Mixed Connective Tissue Disease (MCTD)<\/a><\/blockquote><iframe loading=\"lazy\" class=\"wp-embedded-content\" sandbox=\"allow-scripts\" security=\"restricted\" style=\"position: absolute; clip: rect(1px, 1px, 1px, 1px);\" title=\"&#8220;Mixed Connective Tissue Disease (MCTD)&#8221; &#8212; Danskreumatologi.dk\" src=\"https:\/\/danskreumatologi.dk\/nbv\/sygdomme\/mixed-connective-tissue-disease-mctd\/embed\/#?secret=25eRFp6xQm#?secret=YRxJjh9nNi\" data-secret=\"YRxJjh9nNi\" width=\"600\" height=\"338\" frameborder=\"0\" marginwidth=\"0\" marginheight=\"0\" scrolling=\"no\"><\/iframe>\n<\/div><\/figure>\n","protected":false},"excerpt":{"rendered":"<p>Her er linket til den Nationale Behandlings Vejledning &#8211; NBV fra Reumatologisk selskab. Den er skrevet til l\u00e6ger og i l\u00e6gesprog, men vi kan bestemt l\u00e6re noget af. Desuden kan den give baggrund for sp\u00f8rgsm\u00e5l vi kan stille vores reumatolog.<\/p>\n","protected":false},"author":1,"featured_media":0,"parent":0,"menu_order":0,"comment_status":"closed","ping_status":"closed","template":"","meta":{"footnotes":""},"class_list":["post-125","page","type-page","status-publish"],"_links":{"self":[{"href":"https:\/\/mctd.dk\/index.php\/wp-json\/wp\/v2\/pages\/125","targetHints":{"allow":["GET"]}}],"collection":[{"href":"https:\/\/mctd.dk\/index.php\/wp-json\/wp\/v2\/pages"}],"about":[{"href":"https:\/\/mctd.dk\/index.php\/wp-json\/wp\/v2\/types\/page"}],"author":[{"embeddable":true,"href":"https:\/\/mctd.dk\/index.php\/wp-json\/wp\/v2\/users\/1"}],"replies":[{"embeddable":true,"href":"https:\/\/mctd.dk\/index.php\/wp-json\/wp\/v2\/comments?post=125"}],"version-history":[{"count":3,"href":"https:\/\/mctd.dk\/index.php\/wp-json\/wp\/v2\/pages\/125\/revisions"}],"predecessor-version":[{"id":134,"href":"https:\/\/mctd.dk\/index.php\/wp-json\/wp\/v2\/pages\/125\/revisions\/134"}],"wp:attachment":[{"href":"https:\/\/mctd.dk\/index.php\/wp-json\/wp\/v2\/media?parent=125"}],"curies":[{"name":"wp","href":"https:\/\/api.w.org\/{rel}","templated":true}]}}